ppose 7*r - 2*r - 10 = 0. What is the tens digit of 39/(-6)*r*-2?
2
Let s(x) = x**2 + x + 6. Let i be s(-6). Suppose -i = -2*j - 4. What is the units digit of j/(-6)*9/(-6)?
4
Suppose -5*p - 80 = -i, -4*p + 143 + 21 = 3*i. Suppose i = 4*x - x. What is the units digit of x?
0
Let r = -107 + 209. What is the hundreds digit of r?
1
Suppose -10*r - 325 = -15*r. What is the units digit of r?
5
Suppose 11*v - 824 = 7*v. What is the tens digit of v?
0
Let r(f) = -1 - 3 - 2*f - 3. Suppose 0 = -5*c - 4*w - 10, 5*w - 9 = -c + 2*w. What is the units digit of r(c)?
5
Suppose -u + 4*u + 24 = -r, 0 = -5*r - 5*u - 90. Let f = -9 - r. What is the units digit of f?
6
Suppose -2*t + 402 = t. What is the tens digit of t?
3
Let s = -28 - -33. Let k = s - -2. What is the units digit of k?
7
Suppose 0 = -2*i - 5*b + 32 + 51, 2 = -2*b. Suppose l + 3*u = -l + 4, -u = -5*l + i. What is the units digit of l?
8
Let b = 75 - 45. What is the tens digit of b?
3
Suppose -v - 2*r + 286 = v, -r = -1. What is the tens digit of v?
4
Let n(w) = 2*w**2 - 16*w + 16. What is the tens digit of n(11)?
8
What is the units digit of (-107)/(-1) + 0/(-2 + 0)?
7
Let h(u) = u + 16. What is the units digit of h(-6)?
0
Let l = 8 - 3. Suppose 2*u = 5*v - 5 - 15, -l*v - 4*u = -20. What is the units digit of v?
4
Suppose -a + 39 = -2*w - 39, -3*w - 243 = -3*a. What is the tens digit of a?
8
Let c(x) = 3*x - 3. Let g be c(4). Let a be (-12)/g + 2/6. What is the units digit of a + 1 - (-4 - -3)?
1
Let h(m) = m**3 - 9*m**2 - 7*m + 17. What is the units digit of h(10)?
7
Suppose 0*i - 5*i - 20 = 0. Let s(h) = h**3 + 5*h**2 - 5*h - 6. Let l be s(i). Suppose -4*j = -7*j + m + l, -4*m + 56 = 4*j. What is the units digit of j?
1
Let w(p) = -5*p**3 + 16*p**2 + 13*p + 19. Let q(x) = 4*x**3 - 15*x**2 - 12*x - 18. Let b(t) = -6*q(t) - 5*w(t). What is the tens digit of b(-9)?
3
Let b be 1/(-2) + (-10)/(-4). Suppose -68 = -2*k - b*k. What is the units digit of k?
7
Let z = 16 - 13. Let b(a) be the first derivative of 2*a**3/3 - 3*a**2/2 + 2*a + 1. What is the tens digit of b(z)?
1
Suppose 0*h = 2*h + 134. Let v be h/(-2) + 3/6. Suppose 5*z - v = 21. What is the tens digit of z?
1
Suppose -5*n = -183 + 53. What is the tens digit of n?
2
Let n(u) = u. Let i(t) = 8*t. Let b(y) = -6*i(y) + 52*n(y). What is the units digit of b(3)?
2
Suppose -5*c + 7 + 3 = 0. Suppose -2*g + 3*g - c = 0. Suppose -2*s = -s - g. What is the units digit of s?
2
Let g = 226 - 88. What is the units digit of g?
8
Suppose -3*y - y = -252. What is the tens digit of y?
6
Suppose 4*n = -r - n, 3*r = -3*n. Suppose r = -w - 2*w + 48. What is the units digit of w?
6
Let y(v) = v - 5. Let u be y(10). Suppose -5*t - r + 100 = -25, 2*t - 27 = -u*r. What is the units digit of t?
6
Suppose 250 = 4*c + b - 22, -2*c + 134 = b. What is the tens digit of c?
6
Let a(z) = 4*z - 6. What is the units digit of a(10)?
4
Let g = -2 - -10. Suppose 3*h - g - 16 = 0. What is the units digit of h?
8
Let d be (-12)/2*(0 - 1). Suppose 0 = -0*u + 2*u - d. Suppose 0 = 5*w + u - 8. What is the units digit of w?
1
Let p = 9 - 1. Suppose -p = -v + 10. What is the units digit of v?
8
Let q = 4 - 0. Let f be (-7)/21 - (-20)/6. Suppose -f*k = -5*s + 25, -2*s + 11 = -5*k + q*k. What is the units digit of s?
8
Let y = -6 + 9. Let b = y + 3. Suppose 0 = -g + b*g - 85. What is the units digit of g?
7
Suppose 4*d + 2 = -r - 1, 4*r = 4. Let m = -3 + 6. Let w = d + m. What is the units digit of w?
2
Let k(h) = h + 25. Let o be k(0). Suppose v + 2*b = -v - 2, v = 4*b + 14. Suppose 2*f = 3*n + 4, -7*n - 3*f = -v*n - o. What is the units digit of n?
2
Let t = 0 + 46. What is the units digit of t?
6
Let g be 6/(-4) - 156/(-8). Let c = g + -8. What is the tens digit of c?
1
Let w(f) = 13*f + 11. What is the units digit of w(14)?
3
What is the tens digit of (0 + 4/(-6))/(3/(-414))?
9
Suppose -2*k - 99 = 5*g, -3*k - k = g + 171. Let m be (-2)/(-7) + (-408)/k. Suppose -q + m = -8. What is the tens digit of q?
1
Let u(l) = l**3 - 3*l + 1. Let w be u(-3). Let h = 35 + w. What is the tens digit of h?
1
Let f = 2 + 9. Suppose -5*h + f = 3*l - 2, -2 = -h. Let d = 4 - l. What is the units digit of d?
3
Let l be -9 - (-2 + (4 - 2)). Let g = 17 + l. What is the units digit of g?
8
Let b be (4 + -5)/((-2)/(-10)). Let z = b + 9. Suppose 2*g = 2*r + 8, -3*r - z = -3*g - 4*r. What is the units digit of g?
2
Suppose -10 = 5*c - 0*c - 5*k, -5*c = -k - 10. What is the units digit of -1*(41/(-1) + c)?
8
Let t(k) = -k + 11. What is the units digit of t(9)?
2
Suppose a - 2 - 2 = 0. Let k = a - 3. What is the units digit of k?
1
Let v(b) = -b - 6. Let h be v(-9). Suppose 3 = 2*l - h*l. What is the tens digit of (3/l - -19) + -3?
1
Suppose 3*o - 33 = 4*y + 8*o, 3*y = 2*o + 4. Let x be 8/2*y/(-1). Suppose -x = k - 5*z, -5*k + 3*z + 40 = -2*z. What is the tens digit of k?
1
Suppose 5*h = -0*h + 65. What is the units digit of h?
3
Let l(t) = 10*t - 9. What is the units digit of l(5)?
1
Let f be 0 + 24 - 0/6. What is the tens digit of 356/24 + 4/f?
1
Let y = 277 + -188. Suppose -j = -1, 3*s - 5*j - y = -13. What is the units digit of s?
7
What is the tens digit of 3/((-12)/(-20)) + 172?
7
Suppose 3*z + 5 = 4*z. Suppose 0*l = v + 2*l - 13, -l = -z*v + 54. What is the units digit of v?
1
Suppose -5*i = -3*b - 9, -2*i = -4*i + 4*b - 2. Let h = 2 + -1. Suppose h = i*r - 5. What is the units digit of r?
2
Let c(d) = -13*d + 3. What is the tens digit of c(-4)?
5
Let x = 4 + -2. Suppose 4*s + 4*c - 6 = x, -c - 28 = -5*s. Suppose -s*y = -y - 20. What is the units digit of y?
5
Suppose -5*q = 3*l - 6*q + 50, l - 2*q = -20. What is the units digit of (-51)/(-4) + (-4)/l?
3
What is the hundreds digit of ((-19)/38)/(2/(-1196))?
2
Suppose -5*a + 4*l = -144, 5*l + 18 - 198 = -5*a. What is the tens digit of 0/(2 - -1) + a?
3
Suppose 8 = -2*m - 0. Let a be (m - -4)/(-1*1). What is the units digit of (0 - 2) + a - -17?
5
Let w(s) = s**3 - 3*s**2 + 3*s - 4. Let x be w(3). Suppose -p - 3 = -x. What is the units digit of p?
2
Suppose 4*v - 69 = -3*u, 4*v + v + 3*u - 84 = 0. What is the units digit of v?
5
Let d = -182 - -397. What is the units digit of d?
5
Let k(s) = -s**3 - 18*s**2 + 13*s - 30. What is the tens digit of k(-19)?
8
Let t(f) = f**3 - 3*f**2 - 6*f + 5. Let n be t(5). Suppose 4*h - n = -h. Suppose 2*q + 2*j = -2*j, -h*q + 48 = -2*j. What is the units digit of q?
8
Let b = 6 + -10. Let o = -1 + b. Let i(z) = z**3 + 6*z**2 + 2*z - 3. What is the tens digit of i(o)?
1
Let c(d) = -d**3 - 10*d**2 - 2*d + 8. What is the units digit of c(-10)?
8
Let w(d) = -7*d - 1 + 4*d**2 + 2*d - 3*d**2. Let l be w(6). Let k = l - 4. What is the units digit of k?
1
Let s = -2 - -8. Suppose -d - 7 = -2*h, s*d - d + 2*h = 13. Suppose -d - 9 = -5*p. What is the units digit of p?
2
Let y = 18 + -12. What is the tens digit of 8/(-12) + 166/y?
2
Let f(u) = u**2 + u. Let n be f(0). Suppose n = -2*a + 2*h - 18, -a + 4*h - 44 = 4*a. Let z = a - -16. What is the units digit of z?
8
Let i be 24/(-9)*(-15)/10. Suppose 6 + i = 2*m. What is the units digit of m?
5
Suppose -w + 402 = 3*t - t, -3*t + 3*w + 594 = 0. What is the units digit of t?
0
Let w(r) = -r**3 + 8*r**2 + 1. What is the units digit of w(8)?
1
Let m(i) = -i**3 + 6*i**2 + 2. Let d be m(6). Let z be 4 + (d - 4 - 0). What is the units digit of 1/(1/4*z)?
2
Let d(g) = -g + 11. Let r be d(6). Let q = 2 - 0. Suppose r = -q*n + 31. What is the units digit of n?
3
Let y(z) = z**2 - 18*z + 60. What is the units digit of y(18)?
0
Let h(x) = -2*x - 6. Suppose 2*d + 2*r + 18 = 0, 2*d - 4*r = -2*d - 12. Let o be h(d). Let i = o + 2. What is the units digit of i?
8
Suppose -2*i = -0*i - 6. Suppose -2*m + 10 = 2*a, 0 = -a - i*m - 3. What is the units digit of a?
9
Let v(z) = z**2 - z - 18. What is the tens digit of v(9)?
5
Suppose 0 = 4*b + 5 - 17. Suppose -g + b*g = 12. Suppose -i - i = -g. What is the units digit of i?
3
Let y(v) be the second derivative of v**6/240 - v**5/40 - v**4/12 - 3*v. Let q(h) be the third derivative of y(h). What is the tens digit of q(5)?
1
Suppose -4*d - d - c + 66 = 0, d = 3*c + 10. Suppose x - d = -5. What is the units digit of x?
8
Let c(i) = 2*i + 3. Let p be c(-5). Let j(x) = x**2 + 6*x + 9. Let l be j(p). Suppose 0 = -k - 5*w + l, 0*k = 2*k + 4*w - 20. What is 